{"id":716,"date":"2026-04-29T14:39:59","date_gmt":"2026-04-29T12:39:59","guid":{"rendered":"https:\/\/www.lra-soemmerda.de\/?page_id=716"},"modified":"2026-04-29T14:41:01","modified_gmt":"2026-04-29T12:41:01","slug":"anmeldung-alles-ausser-klassik","status":"publish","type":"page","link":"https:\/\/www.lra-soemmerda.de\/?page_id=716","title":{"rendered":"Anmeldung &#8222;Alles au\u00dfer Klassik&#8220;"},"content":{"rendered":"\n<div class=\"wp-block-columns alignwide is-layout-flex wp-container-core-columns-is-layout-28f84493 wp-block-columns-is-layout-flex\">\n<div class=\"wp-block-column is-layout-flow wp-block-column-is-layout-flow\">\n<p><strong>Am Freitag, den 27. November 2026 geht der Musik- und Talentwettbewerb \u201eAlles au\u00dfer Klassik\u201c in die 31. Runde! Auch in diesem Jahr sucht der Landkreis S\u00f6mmerda wieder junge Talente, starke Stimmen und kreative B\u00fchnenpers\u00f6nlichkeiten, die das S\u00f6mmerdaer Volkshaus \u201erocken\u201c.<\/strong><\/p>\n<\/div>\n<\/div>\n\n\n\n<div style=\"height:20px\" aria-hidden=\"true\" class=\"wp-block-spacer\"><\/div>\n\n\n\n<div class=\"wp-block-columns alignwide is-layout-flex wp-container-core-columns-is-layout-28f84493 wp-block-columns-is-layout-flex\">\n<div class=\"wp-block-column is-layout-flow wp-block-column-is-layout-flow\">\n<h4 class=\"wp-block-heading\"><strong>BIG NEWS<\/strong><\/h4>\n<\/div>\n<\/div>\n\n\n\n<div class=\"wp-block-columns alignwide is-layout-flex wp-container-core-columns-is-layout-28f84493 wp-block-columns-is-layout-flex\">\n<div class=\"wp-block-column is-layout-flow wp-block-column-is-layout-flow\">\n<p>In diesem Jahr wird das Format neu aufgelegt: Neben den bekannten Kategorien gibt es erstmals die neue Kategorie \u201eAlles au\u00dfer gew\u00f6hnlich\u201c, in der Jugendliche ihre ganz besonderen F\u00e4higkeiten pr\u00e4sentieren k\u00f6nnen \u2013 ob musikalisch, artistisch oder kreativ. Zudem wird der Wettbewerb in drei Altersgruppen unterteilt und bewertet:<\/p>\n<\/div>\n<\/div>\n\n\n\n<div class=\"wp-block-columns alignwide is-layout-flex wp-container-core-columns-is-layout-28f84493 wp-block-columns-is-layout-flex\">\n<div class=\"wp-block-column is-layout-flow wp-block-column-is-layout-flow\">\n<ul class=\"wp-block-list\">\n<li>6 bis 12 Jahre<\/li>\n\n\n\n<li>13 bis 18 Jahre<\/li>\n\n\n\n<li>19 bis 25 Jahre<\/li>\n<\/ul>\n<\/div>\n<\/div>\n\n\n\n<div class=\"wp-block-columns alignwide is-layout-flex wp-container-core-columns-is-layout-28f84493 wp-block-columns-is-layout-flex\">\n<div class=\"wp-block-column is-layout-flow wp-block-column-is-layout-flow\">\n<p>In jeder Alterskategorie wird es dieses Mal jeweils einen Gewinner geben. So haben alle Teilnehmenden die Chance, sich innerhalb ihrer Altersgruppe fair zu messen und ihr K\u00f6nnen unter Beweis zu stellen.<\/p>\n<\/div>\n<\/div>\n\n\n\n<div style=\"height:16px\" aria-hidden=\"true\" class=\"wp-block-spacer\"><\/div>\n\n\n\n<div class=\"wp-block-columns alignwide is-layout-flex wp-container-core-columns-is-layout-28f84493 wp-block-columns-is-layout-flex\">\n<div class=\"wp-block-column is-layout-flow wp-block-column-is-layout-flow\">\n<h4 class=\"wp-block-heading\"><strong>Ab sofort ist die Online-Anmeldung m\u00f6glich<\/strong><\/h4>\n<\/div>\n<\/div>\n\n\n\n<div class=\"wp-block-columns alignwide is-layout-flex wp-container-core-columns-is-layout-28f84493 wp-block-columns-is-layout-flex\">\n<div class=\"wp-block-column is-layout-flow wp-block-column-is-layout-flow\">\n<p>Der Bewerbungszeitraum l\u00e4uft bis zum 30. Oktober 2026 \u2013 jetzt <strong><a href=\"https:\/\/edkimo.com\/shared\/svjyolfl3zf71tm6kdctzfwsyyk5on6de5b\">hier klicken<\/a><\/strong>, anmelden und dabei sein!<\/p>\n\n\n\n<p>Beitr\u00e4ge aus allen musikalischen und k\u00fcnstlerischen Bereichen sind willkommen \u2013 mit Ausnahme der klassischen Musik. Damit m\u00f6chten wir noch mehr Raum f\u00fcr Vielfalt und kreative Ausdrucksformen schaffen. Wir freuen uns auf deine Anmeldung!<\/p>\n<\/div>\n<\/div>\n","protected":false},"excerpt":{"rendered":"<p>Am Freitag, den 27. November 2026 geht der Musik- und Talentwettbewerb \u201eAlles au\u00dfer Klassik\u201c in die 31. Runde! Auch in diesem Jahr sucht der Landkreis S\u00f6mmerda wieder junge Talente, starke Stimmen und kreative B\u00fchnenpers\u00f6nlichkeiten, die das S\u00f6mmerdaer Volkshaus \u201erocken\u201c. BIG NEWS In diesem Jahr wird das Format neu aufgelegt: Neben den bekannten Kategorien gibt es [&hellip;]<\/p>\n","protected":false},"author":7,"featured_media":0,"parent":0,"menu_order":0,"comment_status":"closed","ping_status":"closed","template":"","meta":{"footnotes":""},"class_list":["post-716","page","type-page","status-publish","hentry"],"_links":{"self":[{"href":"https:\/\/www.lra-soemmerda.de\/index.php?rest_route=\/wp\/v2\/pages\/716","targetHints":{"allow":["GET"]}}],"collection":[{"href":"https:\/\/www.lra-soemmerda.de\/index.php?rest_route=\/wp\/v2\/pages"}],"about":[{"href":"https:\/\/www.lra-soemmerda.de\/index.php?rest_route=\/wp\/v2\/types\/page"}],"author":[{"embeddable":true,"href":"https:\/\/www.lra-soemmerda.de\/index.php?rest_route=\/wp\/v2\/users\/7"}],"replies":[{"embeddable":true,"href":"https:\/\/www.lra-soemmerda.de\/index.php?rest_route=%2Fwp%2Fv2%2Fcomments&post=716"}],"version-history":[{"count":5,"href":"https:\/\/www.lra-soemmerda.de\/index.php?rest_route=\/wp\/v2\/pages\/716\/revisions"}],"predecessor-version":[{"id":721,"href":"https:\/\/www.lra-soemmerda.de\/index.php?rest_route=\/wp\/v2\/pages\/716\/revisions\/721"}],"wp:attachment":[{"href":"https:\/\/www.lra-soemmerda.de\/index.php?rest_route=%2Fwp%2Fv2%2Fmedia&parent=716"}],"curies":[{"name":"wp","href":"https:\/\/api.w.org\/{rel}","templated":true}]}}

Anmeldung &#8222;Alles außer Klassik&#8220;

<div class="wp-block-columns alignwide is-layout-flex wp-container-core-columns-is-layout-28f84493 wp-block-columns-is-layout-flex">
<div class="wp-block-column is-layout-flow wp-block-column-is-layout-flow">
<p><strong>Am Freitag, den 27. November 2026 geht der Musik- und Talentwettbewerb „Alles außer Klassik“ in die 31. Runde! Auch in diesem Jahr sucht der Landkreis Sömmerda wieder junge Talente, starke Stimmen und kreative Bühnenpersönlichkeiten, die das Sömmerdaer Volkshaus „rocken“.</strong></p>
</div>
</div>



<div style="height:20px" aria-hidden="true" class="wp-block-spacer"></div>



<div class="wp-block-columns alignwide is-layout-flex wp-container-core-columns-is-layout-28f84493 wp-block-columns-is-layout-flex">
<div class="wp-block-column is-layout-flow wp-block-column-is-layout-flow">
<h4 class="wp-block-heading"><strong>BIG NEWS</strong></h4>
</div>
</div>



<div class="wp-block-columns alignwide is-layout-flex wp-container-core-columns-is-layout-28f84493 wp-block-columns-is-layout-flex">
<div class="wp-block-column is-layout-flow wp-block-column-is-layout-flow">
<p>In diesem Jahr wird das Format neu aufgelegt: Neben den bekannten Kategorien gibt es erstmals die neue Kategorie „Alles außer gewöhnlich“, in der Jugendliche ihre ganz besonderen Fähigkeiten präsentieren können – ob musikalisch, artistisch oder kreativ. Zudem wird der Wettbewerb in drei Altersgruppen unterteilt und bewertet:</p>
</div>
</div>



<div class="wp-block-columns alignwide is-layout-flex wp-container-core-columns-is-layout-28f84493 wp-block-columns-is-layout-flex">
<div class="wp-block-column is-layout-flow wp-block-column-is-layout-flow">
<ul class="wp-block-list">
<li>6 bis 12 Jahre</li>



<li>13 bis 18 Jahre</li>



<li>19 bis 25 Jahre</li>
</ul>
</div>
</div>



<div class="wp-block-columns alignwide is-layout-flex wp-container-core-columns-is-layout-28f84493 wp-block-columns-is-layout-flex">
<div class="wp-block-column is-layout-flow wp-block-column-is-layout-flow">
<p>In jeder Alterskategorie wird es dieses Mal jeweils einen Gewinner geben. So haben alle Teilnehmenden die Chance, sich innerhalb ihrer Altersgruppe fair zu messen und ihr Können unter Beweis zu stellen.</p>
</div>
</div>



<div style="height:16px" aria-hidden="true" class="wp-block-spacer"></div>



<div class="wp-block-columns alignwide is-layout-flex wp-container-core-columns-is-layout-28f84493 wp-block-columns-is-layout-flex">
<div class="wp-block-column is-layout-flow wp-block-column-is-layout-flow">
<h4 class="wp-block-heading"><strong>Ab sofort ist die Online-Anmeldung möglich</strong></h4>
</div>
</div>



<div class="wp-block-columns alignwide is-layout-flex wp-container-core-columns-is-layout-28f84493 wp-block-columns-is-layout-flex">
<div class="wp-block-column is-layout-flow wp-block-column-is-layout-flow">
<p>Der Bewerbungszeitraum läuft bis zum 30. Oktober 2026 – jetzt <strong><a href="https://edkimo.com/shared/svjyolfl3zf71tm6kdctzfwsyyk5on6de5b">hier klicken</a></strong>, anmelden und dabei sein!</p>



<p>Beiträge aus allen musikalischen und künstlerischen Bereichen sind willkommen – mit Ausnahme der klassischen Musik. Damit möchten wir noch mehr Raum für Vielfalt und kreative Ausdrucksformen schaffen. Wir freuen uns auf deine Anmeldung!</p>
</div>
</div>

<p>Am Freitag, den 27. November 2026 geht der Musik- und Talentwettbewerb „Alles außer Klassik“ in die 31. Runde! Auch in diesem Jahr sucht der Landkreis Sömmerda wieder junge Talente, starke Stimmen und kreative Bühnenpersönlichkeiten, die das Sömmerdaer Volkshaus „rocken“. BIG NEWS In diesem Jahr wird das Format neu aufgelegt: Neben den bekannten Kategorien gibt es [&hellip;]</p>
